i*w = 66. List the prime factors of w.
2, 11
What are the prime factors of 2/23 - (-83139)/69?
5, 241
Let r(d) = 2*d**3 + 5*d**2 + 11*d - 31. Let s(z) = -5*z**3 - 10*z**2 - 22*z + 61. Let n(b) = -7*r(b) - 3*s(b). What are the prime factors of n(9)?
7, 37
Let p = 19 + -15. Suppose -7*l + 3*l = -h - 651, -l - p*h = -184. What are the prime factors of l?
2, 41
Let y be ((-164)/10)/((-8)/(-520)). What are the prime factors of 1 + 18/(-30) + y/(-10)?
107
Let u = 218 - 128. Suppose -u = q - 6*q. List the prime factors of q.
2, 3
Let n = -749 + 2529. What are the prime factors of n?
2, 5, 89
Let b(u) = -103*u**3 - 2*u - 8. List the prime factors of b(-2).
2, 5, 41
Let k(l) = l**2 + 30*l - 102. What are the prime factors of k(16)?
2, 317
Let c(t) be the second derivative of -t**5/20 - t**4/12 + 7*t**3/6 + 5*t**2/2 + 3*t. List the prime factors of c(-4).
5
Let z(k) = k**2 + 3*k - 1. Let j be (-8 - 3) + (-2)/2. Let w be 42/4*j/18. What are the prime factors of z(w)?
3
Suppose 4*z + 2*q = 6730, 152*q = 153*q - 3. List the prime factors of z.
41
Suppose 2*t - 9642 = 6*x, 0 = 5*x + 11 - 1. List the prime factors of t.
3, 5, 107
Let y = 44 + -46. List the prime factors of (-3)/(y - (477/84)/(-3)).
2, 7
Suppose -4*t = -5*g - 2*t + 805, -2*g + 322 = -3*t. List the prime factors of g.
7, 23
Suppose 8*m - 10*m = 0. Let j = 2 + -2. Suppose -2*q = a - m*q - 11, 3*q = j. List the prime factors of a.
11
Let b = 84 - 94. What are the prime factors of ((-50)/(-4) + 0)*(-152)/b?
2, 5, 19
Suppose -209*f + 213*f = 8. What are the prime factors of 1 + ((-57)/f)/((-12)/64)?
3, 17
Let x(m) = -m**3 + 6*m**2 - 5*m - 19. Let b(f) = -f**3 + 5*f**2 - 4*f - 18. Let i(v) = -5*b(v) + 4*x(v). What are the prime factors of i(6)?
2, 97
Suppose 3*g - 3*y - 18 = 0, y - 2 = -6. Suppose g*c + 0*c + 6 = 2*r, 2*c + 4 = 0. List the prime factors of (0 - 1 - -9)*r.
2
What are the prime factors of (53 + -50)*(2 + 275)?
3, 277
Let m(y) be the third derivative of 9*y**4/8 - y**3/2 - 2*y**2. What are the prime factors of m(4)?
3, 5, 7
Suppose -2*i + 8 + 78 = 4*h, 4*i - 152 = -3*h. Let g be i + (1 - -1) + -4. Let d = g - 19. What are the prime factors of d?
2, 7
Let o be (64*1)/(5/10). Suppose 2*y - 36 - o = 0. List the prime factors of y.
2, 41
What are the prime factors of 3*(-4 + (-3576)/(-9))?
2, 5, 59
Suppose 61 = -5*h + 216. Let w = h + -104. Let k = 147 + w. What are the prime factors of k?
2, 37
Let o be (3/15 - (-444)/30)*-1. Let r = 2 - 4. List the prime factors of (r/(-3))/((-2)/o).
5
Let c(w) = w**2 + 5*w - 6. Let r be c(-6). Suppose 2*v - 7*v + 35 = r. Suppose l + v - 30 = 0. List the prime factors of l.
23
Suppose 3*w = -n + 300, 0 = 3*n + 5*w - 6*w - 850. Let g = n + -195. What are the prime factors of g?
2, 3, 5
Suppose 0*j - 4018 = -2*j - 4*v, -3*j + 2*v + 6059 = 0. List the prime factors of j.
2017
Let g be (-30)/(1/((-3)/6)). Suppose 0 = -4*i + 91 - g. Suppose 56 = 5*a - i. List the prime factors of a.
3, 5
Suppose 0 = -2*a - 3*g + 1342, 2*g = 3*a - 1992 - 34. Let b = a + -465. List the prime factors of b.
11, 19
Let n be 10/45 - 29/9. Let i be 1/(n/12*-2). List the prime factors of i - 0 - (-25 + -10).
37
Suppose 4*p - 5*z = 16004, 3*p - 2*z - 12424 = -428. What are the prime factors of p?
2, 3, 37
Let k = 2164 + -1198. What are the prime factors of k?
2, 3, 7, 23
Suppose -81*r + 84*r - 12 = 0. Let t be 0 - (2/2 + -7). List the prime factors of 23 - (r - (t + 2)).
3
Let w = -304 - -552. Suppose 22*x = 26*x - w. List the prime factors of x.
2, 31
Let o(b) = -b**3 - 9*b**2 + 11*b + 12. Let w be o(-10). List the prime factors of 27/w*(-4)/(-6).
3
Let r = 6601 + -2712. What are the prime factors of r?
3889
Suppose -n + 3 = 0, 19*v - 489 = 15*v + 5*n. Let d = 25 - -51. Let j = v - d. What are the prime factors of j?
2, 5
What are the prime factors of 3666 + (-2)/40*5*4?
5, 733
Suppose -3*l + 6*l = 4*r + 25, 0 = 2*r + 8. Suppose 201 + 186 = l*p. List the prime factors of p.
3, 43
Let t(g) = -19*g - 110. What are the prime factors of t(-23)?
3, 109
Let m(q) be the third derivative of -q**6/120 + 2*q**5/15 - q**4/2 + 3*q**2. Let r be m(5). List the prime factors of (3/(r/230))/2.
23
Let r = 107 - -573. List the prime factors of r.
2, 5, 17
Suppose 17*w = 22*w. Suppose 0 = t - 1. Suppose w = -g + t - 5, -5*z + 3*g = -172. What are the prime factors of z?
2
Let p = -82 + 87. Suppose -2*t - 3*h + 147 = -335, -p*t + 1222 = -h. What are the prime factors of t?
2, 61
Let p(d) = d**2 - 3*d + 11*d - 2*d - 8 + 4*d. Let s be p(-11). Suppose s*u = 2*u + 36. List the prime factors of u.
2, 3
Suppose 0 = 3295*n - 3282*n - 61958. List the prime factors of n.
2, 2383
Suppose -812 = 4*i - 4*r, -2*i - i = r + 605. Let d = -120 - i. What are the prime factors of d?
2, 41
Let j(v) = 3*v - 17. Let p be j(7). Suppose 2 = 2*g, p*x = -0*x - 4*g + 312. List the prime factors of x.
7, 11
Let a(p) be the third derivative of -p**6/120 + p**5/10 + p**4/24 + 13*p**3/6 + 2*p**2. Let u = -11 + 17. List the prime factors of a(u).
19
Suppose 6*m - 1996 + 700 = 0. Suppose 2*p + m = 4*v, -2*v = -7*v - p + 284. What are the prime factors of v?
2, 7
Let r = -30 - -42. Let q be 1*4/(r/3). What are the prime factors of -2 + 2 - q*-7?
7
Suppose -51*j + 36 = -53*j. Let x be j/30 + (-254)/10. Let d = x - -29. List the prime factors of d.
3
Let o(r) = -18*r + 49*r + 17*r. List the prime factors of o(1).
2, 3
Let m(v) = 6*v**3 + 2*v**2 + 2*v - 3. Let q be m(2). Suppose z - 19 = f + q, f - 386 = -5*z. What are the prime factors of z?
7, 11
Let x(z) = -z**2 - 16*z - 16. Suppose -2*y - 13 = 1. Let u = -20 - y. List the prime factors of x(u).
23
Suppose 0 = -42*a - 21*a + 200340. What are the prime factors of a?
2, 3, 5, 53
Let u = 646 + -163. What are the prime factors of u?
3, 7, 23
Let d be 1/(-4) + (-4 - (-1386)/8). Suppose -d = -4*m + 715. What are the prime factors of m?
13, 17
Suppose 5*h + 10 = 0, -4*t + 290*h = 285*h - 8502. What are the prime factors of t?
11, 193
Suppose 7*f = f + 1050. Let b be (-1 - (-1 - 1)) + f. Suppose -j = -5*j + b. List the prime factors of j.
2, 11
Let g(i) = -i**2 + 2*i + 45. Let w be g(0). Suppose 60 + w = 5*p. List the prime factors of p.
3, 7
Let u = -77 + 23. Suppose -a - 10 - 8 = 0. Let n = a - u. List the prime factors of n.
2, 3
Let u be 0/((-3)/(4 + -7)). Suppose u = n + 3*w - 33, n - w - 41 = -4. What are the prime factors of n?
2, 3
Let a(p) = -9*p - 8. Let b(g) = 18*g + 17. Let h(k) = -5*a(k) - 2*b(k). What are the prime factors of h(5)?
3, 17
Suppose -k - 4*t = 3*k + 12, 2*t + 6 = 2*k. Suppose -y - 3*m + 20 + 30 = 0, k = 2*m + 8. What are the prime factors of y?
2, 31
Let k(n) = -n**3 - 10*n**2 + 332*n + 3. List the prime factors of k(-24).
3, 11
Let u be -2 - 41*(-3 + -1). Suppose -s - 1 = -4. Suppose y - s*y = -u. What are the prime factors of y?
3
Let s = 108 - 106. What are the prime factors of -5 + (-924)/(-4) + s?
2, 3, 19
Suppose i - 84 = 3*v + 2*v, 431 = 4*i - v. Suppose 0 = 2*h - 4*s - 62, -4*s - i = -3*h - 6*s. List the prime factors of h.
5, 7
Suppose 5*g - 4*v - 1991 = 0, v + 568 = 3*g - 621. List the prime factors of g.
5, 79
Let w(l) = l**2 - 11*l + 2. Let k be w(11). Suppose 3*y - p + 3*p = 2, -5*y + 10 = k*p. List the prime factors of y.
2
Suppose -v - 3*y + 48 = -229, -y + 273 = v. What are the prime factors of v?
271
Let b = -45 + 217. What are the prime factors of b?
2, 43
Suppose 4*l + 435 = 9*l. Let g = l + 77. What are the prime factors of g?
2, 41
Suppose 5*v + 2*u + 1720 = -2*u, u = 2*v + 675. Let s be 10/4*v/(-50). Let t = 25 + s. What are the prime factors of t?
2, 3, 7
Let k be (-2)/((-12)/10) - 2/(-6). Suppose -43 = k*d - 179. List the prime factors of d.
2, 17
Let r(h) = -165*h - 93. List the prime factors of r(-5).
2, 3, 61
Let f be 0 - 1*(2 + -4). Suppose -5 = f*l + 4*d - 21, -4*l - 1 = -3*d. What are the prime factors of l?
2
Suppose 0 = -2*j + 81 + 53. What are the prime factors of (j - (2 - 0))*1?
5, 13
Let c(s) = -s**2 - s + 20. Let d be c(0). Let t be (-8)/(-6)*(-6)/4. List the prime factors of t/8 + 45/d.
2
Let s be 0*(12/(-18) - -1). Suppose 5*y - 225 = -2*o + 7*o, s = -y - 4*o + 60. List the prime factors of y.
2, 3
Let o = -21 + 21. Suppose 8*c - 3*c - 265 = o. Suppose -2*a + c = -21. What are the prime factors of a?
37
Let w(s) = -2*s**3 